{"id":3,"date":"2023-07-15T22:24:22","date_gmt":"2023-07-15T22:24:22","guid":{"rendered":"https:\/\/nakladatelstvisolidarita.cz\/domains\/nakladatelstvisolidarita.cz\/?page_id=3"},"modified":"2024-10-22T08:11:59","modified_gmt":"2024-10-22T08:11:59","slug":"privacy-policy","status":"publish","type":"page","link":"https:\/\/nakladatelstvisolidarita.cz\/domains\/nakladatelstvisolidarita.cz\/privacy-policy\/","title":{"rendered":"Ochrana osobn\u00edch \u00fadaj\u016f a GDPR"},"content":{"rendered":"\n<h2 class=\"wp-block-heading\"><\/h2>\n\n\n\n<p><strong>Pro n\u00e1kup, registraci v e-shopu a zas\u00edl\u00e1n\u00ed informac\u00ed o publikac\u00edch a akc\u00edch Nakladatelstv\u00ed Solidarita<\/strong><\/p>\n\n\n\n<p>Tyto z\u00e1sady maj\u00ed za c\u00edl V\u00e1s informovat, jak\u00fdm zp\u016fsobem<strong>&nbsp;Nakladatelstv\u00ed Solidarita<\/strong>&nbsp;(d\u00e1le jen \u201e<strong>Nakladatelstv\u00ed<\/strong>\u201c), zpracov\u00e1v\u00e1 a pou\u017e\u00edv\u00e1 Va\u0161e osobn\u00ed \u00fadaje (spole\u010dn\u011b d\u00e1le \u201ezpracov\u00e1n\u00ed osobn\u00edch \u00fadaj\u016f\u201c) v souladu s Obecn\u00fdm na\u0159\u00edzen\u00edm o ochran\u011b osobn\u00edch \u00fadaj\u016f \u010d. 2016\/679 (d\u00e1le jen \u201e<strong>GDPR<\/strong>\u201c).<br>Osobn\u00edmi \u00fadaji se rozum\u00ed informace t\u00fdkaj\u00edc\u00ed se ur\u010dit\u00e9 fyzick\u00e9 osoby, kterou lze na z\u00e1klad\u011b t\u00e9to informace, p\u0159\u00edpadn\u011b ve spojen\u00ed s dal\u0161\u00edmi informacemi, identifikovat.<\/p>\n\n\n\n<p>Datum \u00fa\u010dinnosti: 1.10.2024<\/p>\n\n\n\n<p><strong>Kdo je spr\u00e1vcem Va\u0161ich osobn\u00edch \u00fadaj\u016f?<\/strong><\/p>\n\n\n\n<p><strong>Nakladatelstv\u00ed Solidarita, z.s.<\/strong><br>I\u010cO <strong>17660581<\/strong>, se s\u00eddlem \u0160kolsk\u00e1 3, Praha 1<br>zapsan\u00e1 v rejst\u0159\u00edku spolk\u016f veden\u00e9m M\u011bstsk\u00fdm soudem v Praze, odd\u00edl L 76828<\/p>\n\n\n\n<p><strong>Jak\u00e9 Va\u0161e osobn\u00ed \u00fadaje a za jak\u00fdm \u00fa\u010delem Nakladatelstv\u00ed zpracov\u00e1v\u00e1?<\/strong><\/p>\n\n\n\n<p>N\u00ed\u017ee je uvedeno podle Va\u0161eho vztahu k Nakladatelstv\u00ed, jak\u00e9 osobn\u00ed \u00fadaje, z jak\u00e9ho d\u016fvodu a za jak\u00fdm \u00fa\u010delem zpracov\u00e1v\u00e1me.<\/p>\n\n\n\n<ol class=\"wp-block-list\">\n<li><strong>Odb\u011bratel\u00e9 novinek (newsletter)<\/strong><br><strong>Osobn\u00ed \u00fadaje \u2014 kategorie a p\u0159\u00edklady:<\/strong> emailov\u00e1 adresa<br><strong>\u00da\u010del zpracov\u00e1n\u00ed:<\/strong> Zas\u00edl\u00e1n\u00ed informac\u00ed o na\u0161\u00ed \u010dinnosti v\u010detn\u011b novinek o n\u00e1mi po\u0159\u00e1dan\u00fdch vzd\u011bl\u00e1vac\u00edch, kulturn\u00edch a dal\u0161\u00edch neziskov\u00fdch akc\u00edch (newsletter)<br><strong>Pr\u00e1vn\u00ed z\u00e1klad zpracov\u00e1n\u00ed:<\/strong> Souhlas ud\u011blen\u00fd p\u0159i registraci k odb\u011bru novinek<br><\/li>\n\n\n\n<li><strong> Registrace u\u017eivatelsk\u00e9ho \u00fa\u010dtu (M\u016fj \u00fa\u010det)<\/strong><br><strong>Osobn\u00ed \u00fadaje \u2014 kategorie a p\u0159\u00edklady<\/strong>: jm\u00e9no a p\u0159\u00edjmen\u00ed, adresa, emailov\u00e1 adresa<br><strong>\u00da\u010del zpracov\u00e1n\u00ed<\/strong>: Zas\u00edl\u00e1n\u00ed objednan\u00fdch publikac\u00ed<br><strong>Pr\u00e1vn\u00ed z\u00e1klad zpracov\u00e1n\u00ed<\/strong>: Souhlas ud\u011blen\u00fd p\u0159i zakl\u00e1d\u00e1n\u00ed \u00fa\u010dtu<\/li>\n<\/ol>\n\n\n\n<p><br><strong>Sd\u00edl\u00ed Nakladatelstv\u00ed Va\u0161e osobn\u00ed \u00fadaje s dal\u0161\u00edmi osobami?<\/strong> <\/p>\n\n\n\n<p>NE.<\/p>\n\n\n\n<p><strong>Jak\u00e1 jsou Va\u0161e pr\u00e1va t\u00fdkaj\u00edc\u00ed se zpracov\u00e1n\u00ed osobn\u00edch \u00fadaj\u016f?<\/strong><\/p>\n\n\n\n<p>Za stanoven\u00fdch podm\u00ednek m\u016f\u017eete uplatnit ve\u0161ker\u00e1 n\u00ed\u017ee uveden\u00e1 pr\u00e1va, kter\u00e9 V\u00e1m p\u0159izn\u00e1vaj\u00ed pr\u00e1vn\u00ed p\u0159edpisy upravuj\u00edc\u00ed ochranu osobn\u00edch \u00fadaj\u016f, a to zejm\u00e9na GDPR:<br>\u2022 pr\u00e1vo na p\u0159\u00edstup k osobn\u00edm \u00fadaj\u016fm a poskytnut\u00ed dal\u0161\u00edch informac\u00ed o zpracov\u00e1n\u00ed Va\u0161ich osobn\u00edch \u00fadaj\u016f;<br>\u2022 pr\u00e1vo na opravu nespr\u00e1vn\u00fdch a ne\u00fapln\u00fdch osobn\u00edch \u00fadaj\u016f;<br>\u2022 pr\u00e1vo z\u00edskat Va\u0161e osobn\u00ed \u00fadaje a p\u0159en\u00e9st je k jin\u00e9mu spr\u00e1vci;<br>\u2022 pr\u00e1vo podat n\u00e1mitky proti zpracov\u00e1v\u00e1n\u00ed Va\u0161ich osobn\u00edch \u00fadaj\u016f;<br>\u2022 pr\u00e1vo na omezen\u00ed zpracov\u00e1n\u00ed osobn\u00edch \u00fadaj\u016f;<br>\u2022 pr\u00e1vo na vymaz\u00e1n\u00ed osobn\u00edch \u00fadaj\u016f;<br>\u2022 pr\u00e1vo kdykoliv odvolat poskytnut\u00fd souhlas se zpracov\u00e1n\u00edm;<br>\u2022 pr\u00e1vo podat st\u00ed\u017enost k dozorov\u00e9mu \u00fa\u0159adu (\u00da\u0159ad pro ochranu osobn\u00edch \u00fadaj\u016f, www.uoou.cz).<\/p>\n\n\n\n<p>Na Va\u0161e \u017e\u00e1dosti o v\u00fdkon pr\u00e1v budeme reagovat v z\u00e1konn\u00e9 lh\u016ft\u011b, a to obvykle nejpozd\u011bji do 1 m\u011bs\u00edce od obdr\u017een\u00ed \u017e\u00e1dosti. Pokud by na\u0161e odpov\u011b\u010f vy\u017eadovala ve v\u00fdjime\u010dn\u00fdch p\u0159\u00edpadech del\u0161\u00ed dobu, budeme V\u00e1s o tom informovat.<\/p>\n\n\n\n<p><strong>Dotazy a kontakty<\/strong><\/p>\n\n\n\n<p>Pokud V\u00e1s zaj\u00edmaj\u00ed dal\u0161\u00ed informace o Va\u0161ich pr\u00e1vech nebo m\u00e1te jin\u00fd dotaz nebo st\u00ed\u017enost ohledn\u011b zpracov\u00e1n\u00ed Va\u0161ich osobn\u00edch \u00fadaj\u016f nebo si p\u0159ejete odvolat sv\u016fj souhlas se zpracov\u00e1n\u00edm, m\u016f\u017eete n\u00e1s kontaktovat p\u00edsemn\u011b nebo e-mailem:<\/p>\n\n\n\n<p>Nakladatelstv\u00ed Solidarita, z.s.<br>\u0160kolsk\u00e1 3, Praha 1, 110 00<br>email:&nbsp;info@nakladatelstvisolidarita.cz<\/p>\n\n\n\n<p><strong>Zm\u011bny t\u011bchto z\u00e1sad<\/strong><\/p>\n\n\n\n<p>Je mo\u017en\u00e9, \u017ee se tyto z\u00e1sady Nakladatelstv\u00ed rozhodne zm\u011bnit nebo aktualizovat. Aktu\u00e1ln\u00ed zn\u011bn\u00ed z\u00e1sad budete m\u00edt v\u017edy k dispozici na na\u0161ich webov\u00fdch str\u00e1nk\u00e1ch www.nakladatelstvisolidarita.cz v sekci Z\u00e1sady zpracov\u00e1n\u00ed osobn\u00edch \u00fadaj\u016f.<\/p>\n","protected":false},"excerpt":{"rendered":"<p>Pro n\u00e1kup, registraci v e-shopu a zas\u00edl\u00e1n\u00ed informac\u00ed o publikac\u00edch a akc\u00edch Nakladatelstv\u00ed Solidarita Tyto z\u00e1sady maj\u00ed za c\u00edl V\u00e1s informovat, jak\u00fdm zp\u016fsobem&nbsp;Nakladatelstv\u00ed Solidarita&nbsp;(d\u00e1le jen \u201eNakladatelstv\u00ed\u201c), zpracov\u00e1v\u00e1 a pou\u017e\u00edv\u00e1 Va\u0161e osobn\u00ed \u00fadaje (spole\u010dn\u011b d\u00e1le \u201ezpracov\u00e1n\u00ed osobn\u00edch \u00fadaj\u016f\u201c) v souladu s Obecn\u00fdm na\u0159\u00edzen\u00edm o ochran\u011b osobn\u00edch \u00fadaj\u016f \u010d. 2016\/679 (d\u00e1le jen \u201eGDPR\u201c).Osobn\u00edmi \u00fadaji se rozum\u00ed informace [&hellip;]<\/p>\n","protected":false},"author":1,"featured_media":0,"parent":0,"menu_order":0,"comment_status":"closed","ping_status":"open","template":"","meta":{"jetpack_post_was_ever_published":false,"footnotes":""},"class_list":["post-3","page","type-page","status-publish","hentry"],"jetpack-related-posts":[],"jetpack_sharing_enabled":true,"_links":{"self":[{"href":"https:\/\/nakladatelstvisolidarita.cz\/domains\/nakladatelstvisolidarita.cz\/wp-json\/wp\/v2\/pages\/3","targetHints":{"allow":["GET"]}}],"collection":[{"href":"https:\/\/nakladatelstvisolidarita.cz\/domains\/nakladatelstvisolidarita.cz\/wp-json\/wp\/v2\/pages"}],"about":[{"href":"https:\/\/nakladatelstvisolidarita.cz\/domains\/nakladatelstvisolidarita.cz\/wp-json\/wp\/v2\/types\/page"}],"author":[{"embeddable":true,"href":"https:\/\/nakladatelstvisolidarita.cz\/domains\/nakladatelstvisolidarita.cz\/wp-json\/wp\/v2\/users\/1"}],"replies":[{"embeddable":true,"href":"https:\/\/nakladatelstvisolidarita.cz\/domains\/nakladatelstvisolidarita.cz\/wp-json\/wp\/v2\/comments?post=3"}],"version-history":[{"count":2,"href":"https:\/\/nakladatelstvisolidarita.cz\/domains\/nakladatelstvisolidarita.cz\/wp-json\/wp\/v2\/pages\/3\/revisions"}],"predecessor-version":[{"id":142,"href":"https:\/\/nakladatelstvisolidarita.cz\/domains\/nakladatelstvisolidarita.cz\/wp-json\/wp\/v2\/pages\/3\/revisions\/142"}],"wp:attachment":[{"href":"https:\/\/nakladatelstvisolidarita.cz\/domains\/nakladatelstvisolidarita.cz\/wp-json\/wp\/v2\/media?parent=3"}],"curies":[{"name":"wp","href":"https:\/\/api.w.org\/{rel}","templated":true}]}}

Ochrana osobních údajů a GDPR

<h2 class="wp-block-heading"></h2>



<p><strong>Pro nákup, registraci v e-shopu a zasílání informací o publikacích a akcích Nakladatelství Solidarita</strong></p>



<p>Tyto zásady mají za cíl Vás informovat, jakým způsobem<strong>&nbsp;Nakladatelství Solidarita</strong>&nbsp;(dále jen „<strong>Nakladatelství</strong>“), zpracovává a používá Vaše osobní údaje (společně dále „zpracování osobních údajů“) v souladu s Obecným nařízením o ochraně osobních údajů č. 2016/679 (dále jen „<strong>GDPR</strong>“).<br>Osobními údaji se rozumí informace týkající se určité fyzické osoby, kterou lze na základě této informace, případně ve spojení s dalšími informacemi, identifikovat.</p>



<p>Datum účinnosti: 1.10.2024</p>



<p><strong>Kdo je správcem Vašich osobních údajů?</strong></p>



<p><strong>Nakladatelství Solidarita, z.s.</strong><br>IČO <strong>17660581</strong>, se sídlem Školská 3, Praha 1<br>zapsaná v rejstříku spolků vedeném Městským soudem v Praze, oddíl L 76828</p>



<p><strong>Jaké Vaše osobní údaje a za jakým účelem Nakladatelství zpracovává?</strong></p>



<p>Níže je uvedeno podle Vašeho vztahu k Nakladatelství, jaké osobní údaje, z jakého důvodu a za jakým účelem zpracováváme.</p>



<ol class="wp-block-list">
<li><strong>Odběratelé novinek (newsletter)</strong><br><strong>Osobní údaje — kategorie a příklady:</strong> emailová adresa<br><strong>Účel zpracování:</strong> Zasílání informací o naší činnosti včetně novinek o námi pořádaných vzdělávacích, kulturních a dalších neziskových akcích (newsletter)<br><strong>Právní základ zpracování:</strong> Souhlas udělený při registraci k odběru novinek<br></li>



<li><strong> Registrace uživatelského účtu (Můj účet)</strong><br><strong>Osobní údaje — kategorie a příklady</strong>: jméno a příjmení, adresa, emailová adresa<br><strong>Účel zpracování</strong>: Zasílání objednaných publikací<br><strong>Právní základ zpracování</strong>: Souhlas udělený při zakládání účtu</li>
</ol>



<p><br><strong>Sdílí Nakladatelství Vaše osobní údaje s dalšími osobami?</strong> </p>



<p>NE.</p>



<p><strong>Jaká jsou Vaše práva týkající se zpracování osobních údajů?</strong></p>



<p>Za stanovených podmínek můžete uplatnit veškerá níže uvedená práva, které Vám přiznávají právní předpisy upravující ochranu osobních údajů, a to zejména GDPR:<br>• právo na přístup k osobním údajům a poskytnutí dalších informací o zpracování Vašich osobních údajů;<br>• právo na opravu nesprávných a neúplných osobních údajů;<br>• právo získat Vaše osobní údaje a přenést je k jinému správci;<br>• právo podat námitky proti zpracovávání Vašich osobních údajů;<br>• právo na omezení zpracování osobních údajů;<br>• právo na vymazání osobních údajů;<br>• právo kdykoliv odvolat poskytnutý souhlas se zpracováním;<br>• právo podat stížnost k dozorovému úřadu (Úřad pro ochranu osobních údajů, www.uoou.cz).</p>



<p>Na Vaše žádosti o výkon práv budeme reagovat v zákonné lhůtě, a to obvykle nejpozději do 1 měsíce od obdržení žádosti. Pokud by naše odpověď vyžadovala ve výjimečných případech delší dobu, budeme Vás o tom informovat.</p>



<p><strong>Dotazy a kontakty</strong></p>



<p>Pokud Vás zajímají další informace o Vašich právech nebo máte jiný dotaz nebo stížnost ohledně zpracování Vašich osobních údajů nebo si přejete odvolat svůj souhlas se zpracováním, můžete nás kontaktovat písemně nebo e-mailem:</p>



<p>Nakladatelství Solidarita, z.s.<br>Školská 3, Praha 1, 110 00<br>email:&nbsp;info@nakladatelstvisolidarita.cz</p>



<p><strong>Změny těchto zásad</strong></p>



<p>Je možné, že se tyto zásady Nakladatelství rozhodne změnit nebo aktualizovat. Aktuální znění zásad budete mít vždy k dispozici na našich webových stránkách www.nakladatelstvisolidarita.cz v sekci Zásady zpracování osobních údajů.</p>

<p>Pro nákup, registraci v e-shopu a zasílání informací o publikacích a akcích Nakladatelství Solidarita Tyto zásady mají za cíl Vás informovat, jakým způsobem&nbsp;Nakladatelství Solidarita&nbsp;(dále jen „Nakladatelství“), zpracovává a používá Vaše osobní údaje (společně dále „zpracování osobních údajů“) v souladu s Obecným nařízením o ochraně osobních údajů č. 2016/679 (dále jen „GDPR“).Osobními údaji se rozumí informace [&hellip;]</p>
